66) + 299 + -187.
49
31 + 0 + (196 - (-166 - -357))
36
Evaluate 61 + 7 + (-97 - -83).
54
Evaluate (-4 - -7) + -169 + 150 - 4.
-20
(28 - 20) + (53 - 47 - (16 + 0)) + -4
-6
What is the value of 0 + (25 + -28 - -3 - 22) + (-5 - 0)?
-27
Calculate (56 - (23 - -23)) + -16.
-6
What is the value of -30 - ((157 - 153) + (-5 - -2 - 1))?
-30
What is (-604 - -445) + (118 - 18)?
-59
Calculate -7 - (-7 - (-27 + 18) - -41).
-50
-10 + -3 - ((-3 + -12 + -3 - -18) + -19)
6
What is 184 - (39 + -6 - (5 + -3))?
153
(-120 - -1) + -1 + (38 - 1 - (2339 - 2297))
-125
What is -22 - -2 - (392 - 387)?
-25
Evaluate 36 + (19 + -3 - (12 - -29)).
11
Calculate 75 + -137 + 15 + -14.
-61
1 - (-71 + 51) - (-20 - -3)
38
What is the value of 1 - -11 - 12 - 26?
-26
(91 - (-5 + 25 + -33)) + -20
84
Calculate (67 - (103 - 10)) + 56.
30
Calculate -30 + 24 + -1 + 79 + (-4 - 7).
61
-133 + 123 + 3 + (-2 - -96)
87
Calculate -61 - -15 - (0 + 0 + -12).
-34
What is the value of -51 + (5 - (2 + -3) - 9) - (-4 - 0)?
-50
What is (3 - (-18 + 64 + (0 - 11))) + 14 + -5?
-23
Calculate 42 + -73 + -21 - -45.
-7
Calculate (-3780 - -3734) + 1 + 68.
23
What is the value of 38 - (295 + -283 - (-3 + 17 + 2))?
42
What is -44 - (12 - (39 - (10 + -10)))?
-17
79 - (156 + -80) - 85
-82
What is 36 + -6 - -4 - (25 - (3 - -21))?
33
What is -464 + 449 + (78 - 1)?
62
(29 - (-175 + 115)) + -109
-20
What is 1345 + -1456 + 189 + 13?
91
What is (-23 - -18) + 10 + 6?
11
Evaluate 84 + -68 - (-14 + (3 - 14)).
41
(3 - (1 - -3)) + (1 - 25) + 13 + 10
-2
Calculate 140 + -77 + 12 - -6.
81
What is the value of -9 + -8 + 28 + -1 + 67 + -10 - -8?
75
Evaluate (-5 - -43) + -85 + 18.
-29
Calculate -53 + (11 - (-46 + 23)).
-19
What is 0 - -126 - -2 - (-50082 + 50110)?
100
-34 - (166 - 94) - -116
10
What is the value of (0 - -10) + (36 - 37) - (25 - -57)?
-73
Evaluate 71 - (3 - (-16 - (-2 + -10 + 10) - -4)).
58
What is the value of (-307 - -339) + (-93 - -25)?
-36
-451 + 412 + 51 + 2
14
Evaluate -2 - -3 - (-5 + (-11 - (1 - 4)) + 15).
-1
-17 - (75 - (10 + (-6 - 5) - 0))
-93
-10 + 24 + 34 + -41
7
Calculate (-1035 - -898) + 7 + 44.
-86
1040 + -1047 + (-11 - -127)
109
What is the value of -97 - (-8 - 31) - -57?
-1
Calculate (0 - 12) + 15 + 2 + 3 + -5 + -3.
0
What is the value of 6 + (-15 + 13 - -2)?
6
What is the value of -2 + (-4 - -7) + (28 - -2) + -92 + -14?
-75
Calculate (184 - 187) + -34 + 0.
-37
Evaluate -14 + (0 - -1) + 3 + (-45 + -44 - 0).
-99
What is the value of 35 - (-22 + (6 - (-19 + -132)))?
-100
Evaluate 11 - -3 - (0 - 0 - (-183 - -157)).
-12
(3 - -12 - (84 + -75)) + (-30 - 2)
-26
What is -73 + (-2 + 0 + 12 - (6 - (-7 + 12)))?
-64
Evaluate -152 + -2 - (-1095 + 977).
-36
32 + 19 + (-28 - (-38 - 34))
95
What is 5 + (-1 - 10) + -19 + (-32 - -8) + 9?
-40
Calculate 6 + -2 + 6 + -11 - -2 - -38 - 5.
34
What is 31 - -10 - (17 + -40 + 42)?
22
(73 - 61) + -25 + 3 + (24 - -35)
49
Evaluate (-70 - 8) + 76 + (-10 - (-1 + 2)).
-13
What is the value of (-1 - -15) + (1236 - 1225 - (13 - 0))?
12
Calculate 144 + -33 - (207 - 145).
49
Evaluate -4 + -1 - -1 - (-50 + (28 - -37)).
-19
(34 - (15 + 15) - 28) + 5
-19
What is the value of 21 + 4 + -2 + -16 + (15 - -15) + -13?
24
Calculate 0 - (2 - (-5 - -11) - (-9 + 21 - 10)).
6
Evaluate 137 - (92 + 11) - (-1 - -21).
14
Evaluate (-112 - (72 - 143)) + (1 - 6) + 1.
-45
Calculate -3 + 10 - (103 - (2 - -64)).
-30
5 + (-16 - 2) + -4 + -26
-43
What is -2 + (8 + -5 - ((-3 + 68 - 4) + -6))?
-54
What is 3933 - 4008 - (2 - 0 - 0)?
-77
What is the value of 48 + (13 - (6 - -1) - 3)?
51
Evaluate -9 + (1 - (6 - 57)) + 13 + 4.
60
Evaluate -2 - (-9 + -1 - (-1 + -15)) - (-1 - 92).
85
(17 - 17) + (9 + -8 - 13) + 22
10
-68 + (-115 - -53) + 87
-43
What is the value of -79 + 80 + (0 + -3 - -3) + 62?
63
What is -239 + (126 - 36) - -44?
-105
Evaluate 55 - (29 + 0 + 46).
-20
-112 + 125 - ((2 - -3) + 21)
-13
18 + -22 + 29 + 112 + -52
85
Evaluate 19 + (-5 - (16 - (-7 - -14))) - -35.
40
(4667 - 4662) + (-5 - 2)
-2
Evaluate 90 - (20 + -17 - -14) - (14 + -1).
60
What is -13 + (86 - (61 - 33)) + -35?
10
56 + 6 + -24 + 17 + 6 + -16
45
-22 + 72 + -36 - -4
18
178 - 102 - 17 - (-1 + 1 + -1)
60
Evaluate -31 + (86 + -32 - -22).
45
Evaluate (0 + (-20 - -3) - -4) + -1 - -46 - 6.
26
What is (35 + -50 - (8 - (-8 + 17))) + 1 + -2?
-15
What is the value of (-2 + 1 - (30 + -32) - 3) + 79?
77
-66 + (-5062 - -5076 - (16 + (2 - 4 - -1)))
-67
Calculate (28 - -15) + (-73 - 90).
-120
Evaluate (-66 - -1) + (42 - (76 - 18)) + (3 - -9).
-69
What is the value of 22 - (61 + (-3 - 31))?
-5
Calculate (31 - 20) + 8 + -41 + (9 - 2 - 1).
-16
What is 5 - (7 + -18 - -28)?
-12
What is (11 - -3) + -1 + -14 + 3 - 16?
-14
What is -3410 + 3446 - (63 + -1)?
-26
Calculate (25 - -4) + -15 + (-55 - -53).
12
What is the value of -2601 + 2637 + -43 + 0 + -58 + (-1 - -3)?
-63
Evaluate (-1778 - -1779) + 4 + -2 + 20.
23
Calculate -19 + 27 + -8 + 0 + -30.
-30
What is the value of (85 - (-81 - -56)) + -75?
35
Calculate -12 + 8 - ((5 - 85) + (-4 - -8)).
72
-116 - ((23 - (-21 - -6 - -20)) + -14)
-120
What is 9 - (1 - (-12 + -17 + 2)) - 16?
-35
Evaluate -11 + 1 - (46 + -35 + (5 + -1 - -56)).
-81
Evaluate -3 + 9 + -3 - (1 + 11 - -31).
-40
What is the value of (-10 - -20) + (22 - 35) - (-1 + 47)?
-49
Evaluate -560 - -566 - (13 + 0 + -4).
-3
What is 9 + ((-1 - -21) + -12 - 16) + -8 - -17?
10
Evaluate -2783 + 2812 + (2 - 4).
27
-73 + (-15 - ((37 - 45) + 7))
-87
What is 5 - (-10 + (-1 + -8 + 10 + -5 - -5))?
14
Evaluate (-14 - -6 - -15) + -13 + -4 - -4 - 51.
-57
Calculate -37 + (1 - 1) - (-11 + (-6 - -4) + 14).
-38
What is 23 - (-1 + (-12 - (48 + 1)))?
85
(-37 - -21) + -57 + 12
-61
What is the value of 0 + 15 - (31 - 30 - -9) - 21?
-16
Evaluate 9 + (5 - 1) + (-8 - 0) + 7.
12
What is 0 - (-3 - 4 - -1) - (-74 + 49 + -55)?
86
Evaluate 57 + 0 + 3 - (10 - (6 + -11 - -9)).
54
What is the value of (39 + -44 - (42 + -6 + 2) - 3) + 12?
-34
Evaluate (-31 + 55 - -21) + -35.
10
What is the value of (32 - 56) + -3 - -42?
15
What is the value of -59 - (-4 + (-10 - -16) - 24)?
-37
What is the value of -8 + -5 + -9 + 11 + (0 - 1 - 8)?
-20
What is the value of 53 - -11 - 48 - 63?
-47
What is the value of 0 + 2 + -523 + 568 + 6 + -7 + 1?
47
Evaluate (1 - -11) + 107 + -45 + 13 + 1.
88
Calculate 3 + (1 - 0) - (3 + 2 + (35 - 30)).
-6
-57 + 76 + 13 + (0 - -2) + -3 + 5
36
Evaluate (-12 - 1) + 1 + 1 + (296 - (67 - -171)).
47
What is the value of (75 - 0) + -183 + 60?
-48
What is -2 - -43 - (169 - (-185 - -364))?
51
Calculate 18 + (-2 - -8 - (33 - (13 - -18))).
22
Evaluate (-15 + 9 + -22 - 27) + -22.
-77
Evaluate (13 - (14 - (10 - -1))) + (3 - -78) + -8.
83
Calculate 114 - (-21 - (3 + -9 + 4)) - 3.
130
Calculate 0 + (-30 - -7) + -7 + 1 + (-5 - -7).
-27
-9 - (1 - -37 - (124 + -109))
-32
-4 - (44 + -1 + (2 - 51 - -25) + 16)
-39
Evaluate 37 - (((-8 - (11 - 9)) + -1 - -29) + -10).
29
What is the value of (52 - 18) + -26 - (9 + -6 + 15 + -1)?
-9
Calculate (7 - -28) + (14 + 0 - 32) + 14.
31
What is the value of (-1 - 10) + -25 + 27 + -13?
-22
(14 - -20 - 59) + (81 - -2)
58
Calculate (76 - 2) + (110 - 245).
-61
Evaluate -80 + (17 + (13 - -11) - 15).
-54
What is the value of -18 - (-60 + (-10 - -6) + 23)?
23
-106 - -76 - (24 + 2 + -6)
-50
(-45 + 22 + 24 - (-12 + 9)) + 70
74
-88 - ((-4 - -8 - (7 - 0)) + -471 + 481)
-95
What is (17 - 2) + 1 + 2 + 12322 + -12332?
8
What is (20 - (-1 + -16 + 29)) + -3 + -52?
-47
Evaluate (-9 - -1) + (-1 - -22 - (-144 - -271)) + -10.
-124
Evaluate -23 + (-17 - -48) - (0 + 1 + -2).
9
-30 + (86 - 61) + (0 - (0 + -2)) + 19
16
What is the value of -75 - -109 - -122 - 95?
61
Evaluate 2 - ((24 - 10) + -58).
46
What is the value of (-7 - (28 + -3)) + 17?
-15
(-1 - -2 - -36) + (5 - (5 + 4))
33
-114 + 8 + -19 - -171
46
What is (-21 + 22 - 3) + -19 + 19?
-2
Evaluate (-14 - -1) + 3 - (-25 + 16 - 13).
12
What is the value of (-161 - -50) + -15 + (8 + 8 - 23)?
-133
Evaluate (0 + 15 - 7) + (28 - -1) + (4 - 0).
41
What is the value of (84 - 57) + (4 + -2 - (-13 - -13))?
29
What is -99 - (35 - -34 - 82)?
-86
Evaluate -43 - (-77 - -52) - -13.
-5
Evaluate -5 - (-14 + 41 + 6 - 17).
-21
81 - (36 + -11 + -12 + -6)
74
What is -156 - -135 - (0 + -48 - -3)?
24
602 + -601 - ((-2 - 16) + -4) - -75
98
What is the value of -41 + (-1 - -10 - (2 - (-14 + 5 - -9)))?
-34
What is -24 - (-7 + 11 + -17 + 27)?
-38
What i